 -m + c*k = -2*m + 53, 0 = -2*m + 4*k + 82. What are the prime factors of m?
3, 5
Let v be (-3)/4*-4 + -22. Let p = v + -7. Let t = -12 - p. What are the prime factors of t?
2, 7
Suppose 3*n - p - 3*p = -411, -3*n - 3*p = 390. Let b = n - -241. Suppose -6*o + 2*o = -b. What are the prime factors of o?
3
Let g be (-1 + -2)/(102/(-12) + 8). Suppose g*i - 1344 = -2*i. What are the prime factors of i?
2, 3, 7
Let v(t) = -t - 8. Let z be v(-7). What are the prime factors of (-19)/z + 0 + -4?
3, 5
List the prime factors of (-5 + -1)/((-3488)/1740 - -2).
3, 5, 29
Suppose 3*y = -25 + 88. Let k = 119 - y. What are the prime factors of k?
2, 7
Suppose -1 = -5*o - 4*l, 2*o - 2*l + 0*l = 4. Let v(x) = 29*x + 4. Let d(a) = 1. Let r(b) = -6*d(b) + v(b). What are the prime factors of r(o)?
3
Let q(t) = -t**2 + 9*t - 10. Let p be q(6). Suppose -14 + 4 = -2*y. Suppose l - p = y. What are the prime factors of l?
13
Let v(y) = -2624*y**3 + y**2 + y + 1. List the prime factors of v(-1).
3, 5, 7
Let u(i) = 4*i**2 + 11*i + 15. Let r be u(6). Let x = 64 + r. What are the prime factors of x?
17
Suppose 3*h + 9 = 0, -4*h + 0*h = 4*s - 168. Suppose -o + 6*o - s = 0. Let l(v) = 2*v + 7. What are the prime factors of l(o)?
5
Let o(j) = 6*j - 11. Let b be o(8). Suppose -3*v = -77 - b. What are the prime factors of v?
2, 19
Let o(q) = -44*q - 47. What are the prime factors of o(-17)?
701
Suppose 0 = -t - 4*v - 12, 24 = 5*t - 2*v + v. Let s be (1 + t)*3/3. Suppose s*f = 2*h - h + 354, -5*f + 4*h + 351 = 0. What are the prime factors of f?
71
Let r(f) = -f**2 + 11*f - 17. Let c be r(9). Let y be (10/(-4))/(c/(-2)). Suppose 2*t - 9 = y. What are the prime factors of t?
7
Suppose -20 = -2*l + 4. Let f(q) = q + 9*q - 11*q**2 + l - q**3 + 4 - 6. List the prime factors of f(-12).
2, 17
Suppose 3*v = 1 - 16. List the prime factors of 25/v*(-254)/5 + -1.
11, 23
Suppose -d + 5*d - 8 = 0. Suppose d*i - w - 49 = -4*w, 3*w = -4*i + 89. Let x = 12 + i. List the prime factors of x.
2
Suppose -6980 = 60*l - 80*l. List the prime factors of l.
349
Let j(t) be the third derivative of -t**6/120 + t**5/15 + t**4/12 - 2*t**3/3 - 3*t**2. Let n(w) = -5*w + 44. Let x be n(8). What are the prime factors of j(x)?
2
Let c = -124 - -214. Suppose 3*l - 55 = -s, -c = s - 2*s + 4*l. Let y = s - 46. List the prime factors of y.
2, 3
Suppose -6*b + 130 = -4*b. Suppose b*m = 61*m + 260. What are the prime factors of m?
5, 13
What are the prime factors of 3*(746/6 - -2)?
379
Let f = 246 + -166. Suppose 0 = -14*y + 10*y + f. What are the prime factors of y?
2, 5
Let y = 3060 - 2064. List the prime factors of y.
2, 3, 83
Let u = 3333 + -791. What are the prime factors of u?
2, 31, 41
Let l(w) = 42*w + 9. Let d be l(-4). What are the prime factors of d/24*2*-4?
53
Suppose -3*n = -5 + 41. What are the prime factors of ((-246)/n)/((-1)/(-2))?
41
Suppose -3 = -4*l + 13. Let g be (-42)/(-28)*(-2)/(-3). Suppose l*q - 13 = -g. What are the prime factors of q?
3
Let h = 808 + -538. What are the prime factors of h?
2, 3, 5
Let d(w) be the first derivative of -4*w**2 - 2. Suppose 5 + 25 = -5*p. What are the prime factors of d(p)?
2, 3
Suppose 0 = 4*k - b - 1374, 4*k - 1376 = -30*b + 32*b. What are the prime factors of k?
7
What are the prime factors of ((-4)/6)/((-101384)/(-20280) - 5)?
5, 13
Suppose -7*y = -4777 + 1697. What are the prime factors of y?
2, 5, 11
Let n(c) = -c**3 + 6*c**2 + c - 4. Let g be n(6). Suppose -20 = 5*l - g*r, -4*l - r - r = 34. Let m = l + 14. List the prime factors of m.
2
What are the prime factors of (-9 - -4)*(-888)/5?
2, 3, 37
Let g(f) = 16*f**2 + 6*f + 11. Let y be g(-3). Suppose y = r + z, 548 = 5*r - 4*z - 110. List the prime factors of r.
2, 67
Let f be 1794/(-65) + (-2)/5. What are the prime factors of 12/8*f/(-6)?
7
Suppose 6*z - 10 = -2*f + z, 2*z = -4. Suppose 7*u + 714 = f*u. List the prime factors of u.
2, 7, 17
Suppose 11 = 6*n + 203. Let h = n - -80. List the prime factors of h.
2, 3
List the prime factors of ((-45)/(-15))/(6/(-10))*-46.
2, 5, 23
Suppose -17 - 7 = -6*y. Suppose 5*i + 4*v = 390, 0 = -y*i - 4*v + v + 313. List the prime factors of i.
2, 41
Suppose 195 = -u + 2*u. Suppose -u = 4*d - 547. What are the prime factors of d?
2, 11
Suppose 5*s - 76 = -4*o, -52 = -7*s + 4*s - 4*o. List the prime factors of (0 + (-68)/s)*-21.
7, 17
Suppose 5*x + 65 = s + 20, 0 = s - 4*x - 40. Suppose 0 = -d - 0*d + s. Suppose -5*m + d = -0*m. List the prime factors of m.
2
Suppose -5*m - 4*j = -24, -5*m - 4*j = -9*j - 15. Let x be m/(-10) + (-66)/(-15). List the prime factors of (10/15)/(x/30).
5
Let n = -358 + 910. Suppose 400 + n = 7*o. List the prime factors of o.
2, 17
Suppose 9*r - 2758 = 2966. What are the prime factors of r?
2, 3, 53
Let l(m) = -14*m + 51. List the prime factors of l(-39).
3, 199
List the prime factors of 31/(155/30) + 30.
2, 3
Let r(s) be the second derivative of 3*s**3/2 + s**2/2 - 6*s. Let o be r(3). Let z = 53 - o. List the prime factors of z.
5
Let x = 23 + -20. Let s be (24/x)/(8/164). Suppose 5*w - s = 11. What are the prime factors of w?
5, 7
Let p = 7913 - 4715. List the prime factors of p.
2, 3, 13, 41
Suppose 2*d = h - 1253 + 421, 3319 = 4*h - 5*d. What are the prime factors of h?
2, 7, 59
Suppose 5*o + 20 = 0, -2*o - 4 = -3*i + 4. Suppose 2*k + 3*k = i. List the prime factors of k + 22 + (-1 - 2).
19
Suppose 3*d + 2*k + 456 = 4087, 0 = -4*d + 4*k + 4848. List the prime factors of d.
7, 173
Let q = 140 - 100. Suppose -5*j + 216 = -164. Let a = j - q. What are the prime factors of a?
2, 3
Suppose -4*l - 3*c + 5498 = l, 4*c - 1086 = -l. Suppose 207 = -5*s + l. List the prime factors of s.
179
Let c = 13 + -21. Suppose 86 = 4*t - 5*v + 6, -8 = 2*v. Let w = t + c. List the prime factors of w.
7
Let q = -3084 - -2084. List the prime factors of q/(-80) + 3*(-2)/(-4).
2, 7
Suppose 4 = 2*j + 6. Let m(f) = 24*f**2 + 1. What are the prime factors of m(j)?
5
Let c = -240 - -465. What are the prime factors of c?
3, 5
Let f(w) = -33*w - 15. Let o be f(-4). Suppose u = 3*p + o, -2*u + 2*p - p + 214 = 0. What are the prime factors of u?
3, 5, 7
Let a(s) = 27*s**3 + 5*s**2 - 10*s + 32. What are the prime factors of a(5)?
2, 1741
Let t(f) = -5 + 0 + 15 - 22*f. Let r be t(-3). Suppose 0 = 5*l - l - r. What are the prime factors of l?
19
Suppose 2*v + 0*v - 6 = 0. Suppose -v*w = -w + 364. List the prime factors of (w/21)/((-4)/6).
13
Let l = 2 - -2. Suppose -4*z = m, -2*z - 2 - 4 = 0. Suppose -l + m = 4*b. List the prime factors of b.
2
List the prime factors of 36/63 + 10*2045/7.
2, 3, 487
Let t = -39 + 23. Let x = t + 16. Suppose x = 5*m + 8*k - 6*k - 116, 119 = 5*m + 3*k. What are the prime factors of m?
2, 11
What are the prime factors of (182/(-364))/(2/(-356) - 0)?
89
Suppose -5*l = -2*g + 13359, 3*g = 189*l - 187*l + 20066. List the prime factors of g.
2, 7, 239
Suppose -74 = 3*n - y - 26, 56 = -4*n + 4*y. Let x = n + 18. List the prime factors of 40 + (5 - x) + -2.
2, 3, 7
What are the prime factors of (-5 + 265 + 11)/1?
271
Let n = 8 + 16. What are the prime factors of (-1*n)/4*(-73)/2?
3, 73
Let k be -2 - 4/4*56. Let l = k - -85. Suppose 4*b - l = 29. What are the prime factors of b?
2, 7
List the prime factors of ((-88)/55)/(2/(-1655)).
2, 331
Suppose -p - 3*v = 4*p - 410, -84 = -p - v. Suppose 4*l = 5*l + 5*i - p, -5*i - 441 = -4*l. What are the prime factors of l?
2, 13
Let n(y) = -133*y. Let x be (-2)/4 + (-15)/30. List the prime factors of n(x).
7, 19
Let b be (18/4)/((-63)/(-84)). Suppose -2*w - b = -4*w. Let d(l) = l**3 + 2*l**2 - 3*l - 4. What are the prime factors of d(w)?
2
List the prime factors of ((2 - -2) + 0)*(0 - -119).
2, 7, 17
Let z(y) = 7*y**2 + 5*y**2 + y**2 - 5 - 4*y - 14*y**2 - 2*y**3. What are the prime factors of z(-3)?
2, 13
Suppose -2037 = -2*k - 3*k + 2*i, 4*k + i = 1640. Suppose -q + 4*q + 3 = 0, -5*d = -4*q - k. List the prime factors of d.
3
Let f(w) = w**3 - 5*w**2 + 10*w - 2. Let y(r) = 2*r**3 - 10*r**2 + 19*r - 4. Let i(m) = 11*f(m) - 6*y(m). What are the prime factors of i(4)?
2
Suppose 27 = 4*l + 11. Suppose -185 = -l*x - f, 0*x + 3*x - 135 = 3*f. What are the prime factors of x?
2, 23
Let h = 3616 - 2005. List the prime factors of h.
3, 179
What are the prime factors of 1484025/611 - (41/(-13) + 3)?
7, 347
Suppose v + 4*y